{"id":331,"date":"2016-09-05T10:08:45","date_gmt":"2016-09-05T10:08:45","guid":{"rendered":"http:\/\/www.hogarcolchon.com\/colchones-sillones\/?page_id=331"},"modified":"2024-02-04T09:51:33","modified_gmt":"2024-02-04T09:51:33","slug":"empresa","status":"publish","type":"page","link":"https:\/\/www.hogarcolchon.com\/colchones-complementos-hogar\/empresa\/","title":{"rendered":"Empresa"},"content":{"rendered":"<p>[et_pb_section fb_built=\u00bb1&#8243; fullwidth=\u00bbon\u00bb admin_label=\u00bbSecci\u00f3n\u00bb _builder_version=\u00bb4.24.0&#8243; background_color=\u00bb#ffffff\u00bb background_image=\u00bbhttps:\/\/www.hogarcolchon.com\/colchones-complementos-hogar\/wp-content\/uploads\/2016\/09\/empresa-hogar-stock-colchones.jpg\u00bb hover_enabled=\u00bb0&#8243; transparent_background=\u00bboff\u00bb padding_mobile=\u00bbon\u00bb make_fullwidth=\u00bboff\u00bb use_custom_width=\u00bboff\u00bb width_unit=\u00bbon\u00bb global_colors_info=\u00bb{}\u00bb link_option_url=\u00bbhttps:\/\/www.hogarcolchon.com\/colchones-complementos-hogar\/\u00bb sticky_enabled=\u00bb0&#8243;][et_pb_fullwidth_header title=\u00bbEmpresa\u00bb text_orientation=\u00bbcenter\u00bb content_max_width=\u00bbnone\u00bb admin_label=\u00bbT\u00edtulo de anchura completa\u00bb _builder_version=\u00bb4.16&#8243; background_color=\u00bbrgba(255, 255, 255, 0)\u00bb button_one_letter_spacing_hover=\u00bb0&#8243; button_two_letter_spacing_hover=\u00bb0&#8243; global_colors_info=\u00bb{}\u00bb button_one_text_size__hover_enabled=\u00bboff\u00bb button_two_text_size__hover_enabled=\u00bboff\u00bb button_one_text_color__hover_enabled=\u00bboff\u00bb button_two_text_color__hover_enabled=\u00bboff\u00bb button_one_border_width__hover_enabled=\u00bboff\u00bb button_two_border_width__hover_enabled=\u00bboff\u00bb button_one_border_color__hover_enabled=\u00bboff\u00bb button_two_border_color__hover_enabled=\u00bboff\u00bb button_one_border_radius__hover_enabled=\u00bboff\u00bb button_two_border_radius__hover_enabled=\u00bboff\u00bb button_one_letter_spacing__hover_enabled=\u00bbon\u00bb button_one_letter_spacing__hover=\u00bb0&#8243; button_two_letter_spacing__hover_enabled=\u00bbon\u00bb button_two_letter_spacing__hover=\u00bb0&#8243; button_one_bg_color__hover_enabled=\u00bboff\u00bb button_two_bg_color__hover_enabled=\u00bboff\u00bb] [\/et_pb_fullwidth_header][\/et_pb_section][et_pb_section fb_built=\u00bb1&#8243; admin_label=\u00bbsection\u00bb _builder_version=\u00bb4.16&#8243; global_colors_info=\u00bb{}\u00bb][et_pb_row admin_label=\u00bbrow\u00bb _builder_version=\u00bb4.16&#8243; background_size=\u00bbinitial\u00bb background_position=\u00bbtop_left\u00bb background_repeat=\u00bbrepeat\u00bb global_colors_info=\u00bb{}\u00bb][et_pb_column type=\u00bb4_4&#8243; _builder_version=\u00bb4.16&#8243; custom_padding=\u00bb|||\u00bb global_colors_info=\u00bb{}\u00bb custom_padding__hover=\u00bb|||\u00bb][et_pb_text admin_label=\u00bbTexto\u00bb _builder_version=\u00bb4.16&#8243; background_color=\u00bb#bb973e\u00bb background_size=\u00bbinitial\u00bb background_position=\u00bbtop_left\u00bb background_repeat=\u00bbrepeat\u00bb custom_margin=\u00bb||0px|\u00bb custom_padding=\u00bb10px|20px|10px|20px\u00bb use_border_color=\u00bboff\u00bb border_color=\u00bb#ffffff\u00bb border_style=\u00bbsolid\u00bb global_colors_info=\u00bb{}\u00bb]<\/p>\n<h2><span style=\"color: #ffffff;\">\u00bfQui\u00e9nes somos?<\/span><\/h2>\n<p>[\/et_pb_text][et_pb_text admin_label=\u00bbTexto\u00bb _builder_version=\u00bb4.24.0&#8243; background_color=\u00bb#f7f6e6&#8243; background_size=\u00bbinitial\u00bb background_position=\u00bbtop_left\u00bb background_repeat=\u00bbrepeat\u00bb custom_padding=\u00bb20px|20px|20px|20px\u00bb hover_enabled=\u00bb0&#8243; use_border_color=\u00bboff\u00bb border_color=\u00bb#ffffff\u00bb border_style=\u00bbsolid\u00bb global_colors_info=\u00bb{}\u00bb sticky_enabled=\u00bb0&#8243;]<\/p>\n<p style=\"text-align: justify;\"><img fetchpriority=\"high\" fetchpriority=\"high\" decoding=\"async\" class=\"alignright size-full wp-image-584\" style=\"text-align: justify;\" src=\"https:\/\/www.hogarcolchon.com\/colchones-complementos-hogar\/wp-content\/uploads\/2016\/09\/hogar-colchon-empresa-somos.jpg\" alt=\"hogar-colchon-empresa-somos\" width=\"300\" height=\"300\" srcset=\"https:\/\/www.hogarcolchon.com\/colchones-complementos-hogar\/wp-content\/uploads\/2016\/09\/hogar-colchon-empresa-somos.jpg 300w, https:\/\/www.hogarcolchon.com\/colchones-complementos-hogar\/wp-content\/uploads\/2016\/09\/hogar-colchon-empresa-somos-100x100.jpg 100w, https:\/\/www.hogarcolchon.com\/colchones-complementos-hogar\/wp-content\/uploads\/2016\/09\/hogar-colchon-empresa-somos-150x150.jpg 150w\" sizes=\"(max-width: 300px) 100vw, 300px\" \/><strong>HOGAR COLCH\u00d3N<\/strong> es una empresa din\u00e1mica y afianzada ya que todos nuestros productos llevan en el mercado desde 1904 y 1962.<\/p>\n<p style=\"text-align: justify;\">Su estrategia de diversificaci\u00f3n y su empe\u00f1o para adaptarse a las nuevas necesidades y demandas del cliente le ha llevado crear un nuevo formato acerc\u00e1ndose a los usuarios a trav\u00e9s de las nuevas tecnolog\u00edas (redes sociales, p\u00e1gina web\u2026) y tambi\u00e9n mediante visitas domiciliarias si el cliente lo precisa, donde asesores especializados les orientan en funci\u00f3n de sus necesidades.<\/p>\n<p style=\"text-align: justify;\"><strong>HOGAR COLCH\u00d3N<\/strong> ofrece un producto de alto nivel, para dar a sus clientes un producto duradero y de calidad suprema. Gracias a esto, se consiguen unos mejores resultados en el futuro y podemos estar a la cabeza en nuestro sector.<br \/>Trabajamos todo tipo de productos para el hogar: Colchones, Canap\u00e9s, Somieres, Complementos\u2026 Navega a trav\u00e9s de las distintas categor\u00edas de la web para ver todos nuestros modelos y ofertas y encontrar el que necesitas.<\/p>\n<p style=\"text-align: justify;\">Sabemos lo importante que es para el cliente la inversi\u00f3n que realiza. Por eso <strong>HOGAR COLCH\u00d3N<\/strong> ofrece lo mejor y en las condiciones m\u00e1s ventajosas.<\/p>\n<p>[\/et_pb_text][\/et_pb_column][\/et_pb_row][\/et_pb_section]<\/p>\n","protected":false},"excerpt":{"rendered":"<p>\u00bfQui\u00e9nes somos?HOGAR COLCH\u00d3N es una empresa din\u00e1mica y afianzada ya que todos nuestros productos llevan en el mercado desde 1904 y 1962. Su estrategia de diversificaci\u00f3n y su empe\u00f1o para adaptarse a las nuevas necesidades y demandas del cliente le ha llevado crear un nuevo formato acerc\u00e1ndose a los usuarios a trav\u00e9s de las nuevas [&hellip;]<\/p>\n","protected":false},"author":1,"featured_media":0,"parent":0,"menu_order":0,"comment_status":"closed","ping_status":"closed","template":"","meta":{"_et_pb_use_builder":"on","_et_pb_old_content":"","_et_gb_content_width":"","footnotes":""},"class_list":["post-331","page","type-page","status-publish","hentry"],"_links":{"self":[{"href":"https:\/\/www.hogarcolchon.com\/colchones-complementos-hogar\/wp-json\/wp\/v2\/pages\/331","targetHints":{"allow":["GET"]}}],"collection":[{"href":"https:\/\/www.hogarcolchon.com\/colchones-complementos-hogar\/wp-json\/wp\/v2\/pages"}],"about":[{"href":"https:\/\/www.hogarcolchon.com\/colchones-complementos-hogar\/wp-json\/wp\/v2\/types\/page"}],"author":[{"embeddable":true,"href":"https:\/\/www.hogarcolchon.com\/colchones-complementos-hogar\/wp-json\/wp\/v2\/users\/1"}],"replies":[{"embeddable":true,"href":"https:\/\/www.hogarcolchon.com\/colchones-complementos-hogar\/wp-json\/wp\/v2\/comments?post=331"}],"version-history":[{"count":0,"href":"https:\/\/www.hogarcolchon.com\/colchones-complementos-hogar\/wp-json\/wp\/v2\/pages\/331\/revisions"}],"wp:attachment":[{"href":"https:\/\/www.hogarcolchon.com\/colchones-complementos-hogar\/wp-json\/wp\/v2\/media?parent=331"}],"curies":[{"name":"wp","href":"https:\/\/api.w.org\/{rel}","templated":true}]}}