{"id":2934,"date":"2022-01-03T09:40:19","date_gmt":"2022-01-03T09:40:19","guid":{"rendered":"https:\/\/www.hogarcolchon.com\/colchones-complementos-hogar\/?post_type=product&#038;p=2934"},"modified":"2024-06-19T10:54:09","modified_gmt":"2024-06-19T10:54:09","slug":"vermont","status":"publish","type":"product","link":"https:\/\/www.hogarcolchon.com\/colchones-complementos-hogar\/producto\/vermont\/","title":{"rendered":"Vermont"},"content":{"rendered":"<ul>\n<li>Refuerzo perimetral para poder aprovechar toda la superficie del colch\u00f3n vermont y evitar deformaciones al sentarse en el borde del colch\u00f3n (vermont).<\/li>\n<li>Muelles offset ensacados individualmente.<\/li>\n<li>Aireadores laterales.<\/li>\n<li>Tejido de la tapa: viscosa.<\/li>\n<li>Base: poli\u00e9ster.<\/li>\n<li>Una sola cara para el descanso: no hace falta darle la vuelta al colch\u00f3n ya que todo el confort est\u00e1 concentrado en una sola cara.<\/li>\n<li>Contiene: Algod\u00f3n, lana merino, HR supersoft y HR de alta densidad.<\/li>\n<li>Base del colch\u00f3n:\u00a0Poli\u00e9ster 3D para mejorar la ventilaci\u00f3n del colch\u00f3n.<\/li>\n<li>Grueso +\/- 30cm<\/li>\n<li>Medidas especiales: ancho superior +15%<\/li>\n<\/ul>\n<p><a href=\"https:\/\/www.hogarcolchon.com\/colchones-complementos-hogar\/producto\/viscosleep-deluxe\/\">https:\/\/www.hogarcolchon.com\/colchones-complementos-hogar\/producto\/viscosleep-deluxe\/<\/a><\/p>\n<ul>\n<li><strong>\u00a1PARA M\u00c1S INFORMACI\u00d3N, LL\u00c1MANOS!<\/strong><\/li>\n<li>Telf: 601207233 o 973 21 22 07 \/\/ 973 18 48 27<\/li>\n<li>Servimos los nuevos modelos de colchones Sealy.<\/li>\n<\/ul>\n","protected":false},"excerpt":{"rendered":"<p>El colch\u00f3n SEALY VERMONT es un colch\u00f3n de muelles ensacados individualmente, que ofrece una buena independencia de lechos que evita las deformaciones. Est\u00e1 destinado a personas con la m\u00e1xima exigencia o con molestias de espalda, cervicales, artrosis, artritis o problemas de circulaci\u00f3n sangu\u00ednea y molestias musculares<\/p>\n","protected":false},"featured_media":5122,"comment_status":"open","ping_status":"closed","template":"","meta":{"_et_pb_use_builder":"","_et_pb_old_content":"","_et_gb_content_width":""},"product_brand":[],"product_cat":[6,11,13,30],"product_tag":[],"class_list":{"0":"post-2934","1":"product","2":"type-product","3":"status-publish","4":"has-post-thumbnail","6":"product_cat-colchones","7":"product_cat-colchon-de-muelles","8":"product_cat-colchones-tempur-y-sealy","9":"product_cat-muelles-ensacados","11":"first","12":"outofstock","13":"taxable","14":"shipping-taxable","15":"product-type-variable"},"_links":{"self":[{"href":"https:\/\/www.hogarcolchon.com\/colchones-complementos-hogar\/wp-json\/wp\/v2\/product\/2934","targetHints":{"allow":["GET"]}}],"collection":[{"href":"https:\/\/www.hogarcolchon.com\/colchones-complementos-hogar\/wp-json\/wp\/v2\/product"}],"about":[{"href":"https:\/\/www.hogarcolchon.com\/colchones-complementos-hogar\/wp-json\/wp\/v2\/types\/product"}],"replies":[{"embeddable":true,"href":"https:\/\/www.hogarcolchon.com\/colchones-complementos-hogar\/wp-json\/wp\/v2\/comments?post=2934"}],"wp:featuredmedia":[{"embeddable":true,"href":"https:\/\/www.hogarcolchon.com\/colchones-complementos-hogar\/wp-json\/wp\/v2\/media\/5122"}],"wp:attachment":[{"href":"https:\/\/www.hogarcolchon.com\/colchones-complementos-hogar\/wp-json\/wp\/v2\/media?parent=2934"}],"wp:term":[{"taxonomy":"product_brand","embeddable":true,"href":"https:\/\/www.hogarcolchon.com\/colchones-complementos-hogar\/wp-json\/wp\/v2\/product_brand?post=2934"},{"taxonomy":"product_cat","embeddable":true,"href":"https:\/\/www.hogarcolchon.com\/colchones-complementos-hogar\/wp-json\/wp\/v2\/product_cat?post=2934"},{"taxonomy":"product_tag","embeddable":true,"href":"https:\/\/www.hogarcolchon.com\/colchones-complementos-hogar\/wp-json\/wp\/v2\/product_tag?post=2934"}],"curies":[{"name":"wp","href":"https:\/\/api.w.org\/{rel}","templated":true}]}}