{"id":3572,"date":"2022-05-18T10:15:42","date_gmt":"2022-05-18T10:15:42","guid":{"rendered":"https:\/\/www.hogarcolchon.com\/colchones-complementos-hogar\/?post_type=product&#038;p=3572"},"modified":"2024-06-24T14:35:38","modified_gmt":"2024-06-24T14:35:38","slug":"ecodream","status":"publish","type":"product","link":"https:\/\/www.hogarcolchon.com\/colchones-complementos-hogar\/producto\/ecodream\/","title":{"rendered":"EcoDream. Desde: 679\u20ac"},"content":{"rendered":"<ul>\n<li><strong>Tejido natural<\/strong> 450 gr\/m2 (Ecodream).<\/li>\n<li><strong>HR<\/strong> Extra-Suave 4 cm.<\/li>\n<li><strong>Viscoel\u00e1stica<\/strong> (3 cm).<\/li>\n<li><strong>N\u00facleo viscoel\u00e1stica<\/strong> de alta densidad.<\/li>\n<li><strong>Tejido 3D<\/strong>.<\/li>\n<li><strong>Tejido gris.<\/strong><\/li>\n<li><strong>Con funda interior.<\/strong><\/li>\n<li><strong>Grueso +\/-: 25 cm.<\/strong><\/li>\n<li><strong>Fabricado en Espa\u00f1a.<\/strong><\/li>\n<\/ul>\n<p><strong>Obtienes:<\/strong><\/p>\n<p class=\"_04xlpA direction-ltr align-start para-style-body\"><span class=\"WdYUQQ\"><strong>Respeta al medio ambiente:<\/strong>\u00a0<\/span><span class=\"WdYUQQ\">(certificado GRS Global Recicled Standard)<\/span>\u00a0<span class=\"WdYUQQ\">Beneficia la salud y el bienestar de las personas con sensibilidad qu\u00edmica..<\/span><\/p>\n<p class=\"_04xlpA direction-ltr align-start para-style-body\"><strong><span class=\"WdYUQQ\">Durabilidad:\u00a0<\/span><\/strong><span class=\"WdYUQQ\">(Hr-30kg\/m3)<\/span>\u00a0<span class=\"WdYUQQ\">M\u00e1s duraderos y resistentes<\/span><\/p>\n<p class=\"_04xlpA direction-ltr align-start para-style-body\"><strong><span class=\"WdYUQQ\">Confort<\/span><span class=\"WdYUQQ\">:\u00a0<\/span><\/strong><span class=\"WdYUQQ\">(Hr-Extra-suave)<\/span><span class=\"WdYUQQ\">\u00a0Alto nivel de confort y tecnolog\u00edas avanzadas de fabricaci\u00f3n.<\/span><\/p>\n<p class=\"_04xlpA direction-ltr align-start para-style-body\"><strong><span class=\"WdYUQQ\">Higiene y salud:\u00a0<\/span><\/strong><span class=\"WdYUQQ\">(Tejido compuesto por hilos ecol\u00f3gicos y sostenibles)<\/span>\u00a0<span class=\"WdYUQQ\">Materiales naturales y org\u00e1nicos, reduce las alergias y las reacciones al\u00e9rgicas.<\/span><\/p>\n<p><a href=\"https:\/\/www.hogarcolchon.com\/colchones-complementos-hogar\/producto\/viscosleep-deluxe\/\">https:\/\/www.hogarcolchon.com\/colchones-complementos-hogar\/producto\/viscosleep-deluxe\/<\/a><\/p>\n","protected":false},"excerpt":{"rendered":"<p>El colch\u00f3n EcoDream ofrece un descanso superior con su tejido ecol\u00f3gico de 450 gr\/m2, n\u00facleo viscoel\u00e1stica de alta densidad y capa de viscoel\u00e1stica. Su HR T\u00e9cnico Extra-Suave y tejido 3D plus proporcionan confort y durabilidad excepcionales.<\/p>\n","protected":false},"featured_media":5111,"comment_status":"open","ping_status":"closed","template":"","meta":{"_et_pb_use_builder":"","_et_pb_old_content":"","_et_gb_content_width":""},"product_brand":[],"product_cat":[77,16],"product_tag":[63,68,67,276,51,46],"class_list":{"0":"post-3572","1":"product","2":"type-product","3":"status-publish","4":"has-post-thumbnail","6":"product_cat-colchones-ecologicos-cetificado","7":"product_cat-colchones-de-viscoelastica-con-nucleo-hr","8":"product_tag-antialergico","9":"product_tag-antibacterias","10":"product_tag-antihongos","11":"product_tag-ecologico","12":"product_tag-independencia-de-peso","13":"product_tag-transpirable","15":"first","16":"instock","17":"taxable","18":"shipping-taxable","19":"purchasable","20":"product-type-variable"},"_links":{"self":[{"href":"https:\/\/www.hogarcolchon.com\/colchones-complementos-hogar\/wp-json\/wp\/v2\/product\/3572","targetHints":{"allow":["GET"]}}],"collection":[{"href":"https:\/\/www.hogarcolchon.com\/colchones-complementos-hogar\/wp-json\/wp\/v2\/product"}],"about":[{"href":"https:\/\/www.hogarcolchon.com\/colchones-complementos-hogar\/wp-json\/wp\/v2\/types\/product"}],"replies":[{"embeddable":true,"href":"https:\/\/www.hogarcolchon.com\/colchones-complementos-hogar\/wp-json\/wp\/v2\/comments?post=3572"}],"wp:featuredmedia":[{"embeddable":true,"href":"https:\/\/www.hogarcolchon.com\/colchones-complementos-hogar\/wp-json\/wp\/v2\/media\/5111"}],"wp:attachment":[{"href":"https:\/\/www.hogarcolchon.com\/colchones-complementos-hogar\/wp-json\/wp\/v2\/media?parent=3572"}],"wp:term":[{"taxonomy":"product_brand","embeddable":true,"href":"https:\/\/www.hogarcolchon.com\/colchones-complementos-hogar\/wp-json\/wp\/v2\/product_brand?post=3572"},{"taxonomy":"product_cat","embeddable":true,"href":"https:\/\/www.hogarcolchon.com\/colchones-complementos-hogar\/wp-json\/wp\/v2\/product_cat?post=3572"},{"taxonomy":"product_tag","embeddable":true,"href":"https:\/\/www.hogarcolchon.com\/colchones-complementos-hogar\/wp-json\/wp\/v2\/product_tag?post=3572"}],"curies":[{"name":"wp","href":"https:\/\/api.w.org\/{rel}","templated":true}]}}