{"id":4064,"date":"2023-01-31T18:08:10","date_gmt":"2023-01-31T18:08:10","guid":{"rendered":"https:\/\/www.hogarcolchon.com\/colchones-complementos-hogar\/?post_type=product&#038;p=4064"},"modified":"2024-07-01T19:27:25","modified_gmt":"2024-07-01T19:27:25","slug":"recovery-sport","status":"publish","type":"product","link":"https:\/\/www.hogarcolchon.com\/colchones-complementos-hogar\/producto\/recovery-sport\/","title":{"rendered":"Viscolumbares Plus desde : 799\u20ac"},"content":{"rendered":"<ul>\n<li>Tejido Turmalina Negra (Viscolumbares Plus).<\/li>\n<li>Tejido Platabanda.<\/li>\n<li>Funda interior.<\/li>\n<li>Hr t\u00e9cnico 40 Kg\/m3 Extra suave (capa de 4 cm, m\u00e1xima elasticidad y adaptaci\u00f3n progresiva, facilita el movimiento).<\/li>\n<li>Visco natural perfilada 50Kg\/m2.<\/li>\n<li>PLUMEX.<\/li>\n<li>HR-30 Kg\/m2.<\/li>\n<li>Cremallera perimetral<\/li>\n<li>Tejido Inferior 3D<\/li>\n<li>Canales para una \u00f3ptima ventilaci\u00f3n.<\/li>\n<li>Grueso +\/-: 32 cm.<\/li>\n<li>Fabricado en Espa\u00f1a<\/li>\n<\/ul>\n<p><strong>Obtienes:<\/strong><\/p>\n<p class=\"_04xlpA direction-ltr align-justify para-style-body\"><strong><span class=\"WdYUQQ\">Descanso y recuperaci\u00f3n:\u00a0<\/span><\/strong><span class=\"WdYUQQ\">(Hr-30kg\/m3) y (Turmalina negra)<\/span><span class=\"WdYUQQ\"> Mejora la calidad del sue\u00f1o y descarga las ondas electromagn\u00e9ticas(Hogar Colch\u00f3n Premium Ecol\u00f3gico).\u00a0<\/span><\/p>\n<p class=\"_04xlpA direction-ltr align-justify para-style-body\"><span class=\"WdYUQQ\"><strong>Alivio de la presi\u00f3n corporal:<\/strong>\u00a0<\/span><span class=\"WdYUQQ\">(Visco natural perfilada)<\/span>\u00a0<span class=\"WdYUQQ\">correcta alineaci\u00f3n de la columna vertebral y la postura del cuerpo.<\/span><\/p>\n<p class=\"_04xlpA direction-ltr align-justify para-style-body\"><strong><span class=\"WdYUQQ\">Confort:<\/span>\u00a0<\/strong><span class=\"WdYUQQ\">(Plumex)<\/span>\u00a0<span class=\"WdYUQQ\">Se adapta a las necesidades de cada persona, reduce el estr\u00e9s y mejorar el bienestar f\u00edsico y emocional.<\/span><\/p>\n<p class=\"_04xlpA direction-ltr align-justify para-style-body\"><span class=\"WdYUQQ\"><strong>Higiene y salud:<\/strong>\u00a0<\/span><span class=\"WdYUQQ\">(Tratamiento Ultra-Fresh)<\/span><span class=\"WdYUQQ\">\u00a0Impide proliferaci\u00f3n de bacterias y hongos. Mantiene colch\u00f3n limpio y sin malos olores.<\/span><\/p>\n<p><a href=\"https:\/\/www.hogarcolchon.com\/colchones-complementos-hogar\/producto\/hogar-colchon-visco-lumbares\/\">https:\/\/www.hogarcolchon.com\/colchones-complementos-hogar\/producto\/hogar-colchon-visco-lumbares\/<\/a><\/p>\n","protected":false},"excerpt":{"rendered":"<p>El colch\u00f3n Viscolumbares Plus, tiene una viscoel\u00e1stica natural, respetuosa con el medio ambiente. Es un material de alta densidad, formada por los mejores materiales naturales de origen vegetal (calidad total).<\/p>\n","protected":false},"featured_media":5116,"comment_status":"open","ping_status":"closed","template":"","meta":{"_et_pb_use_builder":"","_et_pb_old_content":"","_et_gb_content_width":""},"product_brand":[],"product_cat":[6,16,77],"product_tag":[57,63,67,289,51,331,46],"class_list":{"0":"post-4064","1":"product","2":"type-product","3":"status-publish","4":"has-post-thumbnail","6":"product_cat-colchones","7":"product_cat-colchones-de-viscoelastica-con-nucleo-hr","8":"product_cat-colchones-ecologicos-cetificado","9":"product_tag-adaptable","10":"product_tag-antialergico","11":"product_tag-antihongos","12":"product_tag-comodo","13":"product_tag-independencia-de-peso","14":"product_tag-nucleo-perfilado","15":"product_tag-transpirable","17":"first","18":"instock","19":"taxable","20":"shipping-taxable","21":"purchasable","22":"product-type-variable"},"_links":{"self":[{"href":"https:\/\/www.hogarcolchon.com\/colchones-complementos-hogar\/wp-json\/wp\/v2\/product\/4064","targetHints":{"allow":["GET"]}}],"collection":[{"href":"https:\/\/www.hogarcolchon.com\/colchones-complementos-hogar\/wp-json\/wp\/v2\/product"}],"about":[{"href":"https:\/\/www.hogarcolchon.com\/colchones-complementos-hogar\/wp-json\/wp\/v2\/types\/product"}],"replies":[{"embeddable":true,"href":"https:\/\/www.hogarcolchon.com\/colchones-complementos-hogar\/wp-json\/wp\/v2\/comments?post=4064"}],"wp:featuredmedia":[{"embeddable":true,"href":"https:\/\/www.hogarcolchon.com\/colchones-complementos-hogar\/wp-json\/wp\/v2\/media\/5116"}],"wp:attachment":[{"href":"https:\/\/www.hogarcolchon.com\/colchones-complementos-hogar\/wp-json\/wp\/v2\/media?parent=4064"}],"wp:term":[{"taxonomy":"product_brand","embeddable":true,"href":"https:\/\/www.hogarcolchon.com\/colchones-complementos-hogar\/wp-json\/wp\/v2\/product_brand?post=4064"},{"taxonomy":"product_cat","embeddable":true,"href":"https:\/\/www.hogarcolchon.com\/colchones-complementos-hogar\/wp-json\/wp\/v2\/product_cat?post=4064"},{"taxonomy":"product_tag","embeddable":true,"href":"https:\/\/www.hogarcolchon.com\/colchones-complementos-hogar\/wp-json\/wp\/v2\/product_tag?post=4064"}],"curies":[{"name":"wp","href":"https:\/\/api.w.org\/{rel}","templated":true}]}}