{"id":4863,"date":"2024-04-14T19:05:49","date_gmt":"2024-04-14T19:05:49","guid":{"rendered":"https:\/\/www.hogarcolchon.com\/colchones-complementos-hogar\/?post_type=product&#038;p=4863"},"modified":"2024-06-21T15:45:30","modified_gmt":"2024-06-21T15:45:30","slug":"estuario-desde-899e","status":"publish","type":"product","link":"https:\/\/www.hogarcolchon.com\/colchones-complementos-hogar\/producto\/estuario-desde-899e\/","title":{"rendered":"Estuario: Desde 899\u20ac"},"content":{"rendered":"<ul>\n<li>Caracter\u00edsticas\n<ul>\n<li>Acabados en melamina en los colores que se encuentran en el muestrario (hojas finales de este cat\u00e1logo)<\/li>\n<li>Estructura de arc\u00f3n fabricada en tablero melaminico de 30mm. canteado en PVC.<\/li>\n<li>Patas macizas de haya lacadas a juego.<\/li>\n<li>Fondo del canap\u00e9 de tablero de melamina de 16mm. de espesor atornillado al caj\u00f3n<\/li>\n<li>Tapa compuesta por bastidor de tubo de adaro de perfil 40x30mm. con cuatro travesa\u00f1os de refuerzo.Tablero de 10mm. multiperforado fijado al marco mediante clavos de acero estriados. Tapizados con tejido de malla transpirable con base de fibra compactada. Colores disponibles seg\u00fan muestrario.<\/li>\n<li>Tirador\/es de haya a juego con el caj\u00f3n, atornillados a la estructura de la tapa.<\/li>\n<li>Caj\u00f3n independiente con ruedas y apertura por el piecero<\/li>\n<\/ul>\n<\/li>\n<\/ul>\n<p><a href=\"https:\/\/www.hogarcolchon.com\/colchones-complementos-hogar\/producto\/ref63\/\">https:\/\/www.hogarcolchon.com\/colchones-complementos-hogar\/producto\/ref63\/<\/a><\/p>\n<p>&nbsp;<\/p>\n","protected":false},"excerpt":{"rendered":"<ul>\n<li>Modelo Estuario de Hogar Colch\u00f3n: Estructura de arc\u00f3n en tablero melam\u00ednico de 30mm con patas de haya lacadas. Fondo de melamina de 16mm. Tapa de acero reforzado con tablero multiperforado, tapizado en tejido de malla transpirable. Incluye caj\u00f3n independiente con ruedas y apertura por el piecero.<\/li>\n<\/ul>\n","protected":false},"featured_media":5070,"comment_status":"open","ping_status":"closed","template":"","meta":{"_et_pb_use_builder":"","_et_pb_old_content":"","_et_gb_content_width":""},"product_brand":[],"product_cat":[7],"product_tag":[],"class_list":{"0":"post-4863","1":"product","2":"type-product","3":"status-publish","4":"has-post-thumbnail","6":"product_cat-canapes","8":"first","9":"instock","10":"taxable","11":"shipping-taxable","12":"purchasable","13":"product-type-variable"},"_links":{"self":[{"href":"https:\/\/www.hogarcolchon.com\/colchones-complementos-hogar\/wp-json\/wp\/v2\/product\/4863","targetHints":{"allow":["GET"]}}],"collection":[{"href":"https:\/\/www.hogarcolchon.com\/colchones-complementos-hogar\/wp-json\/wp\/v2\/product"}],"about":[{"href":"https:\/\/www.hogarcolchon.com\/colchones-complementos-hogar\/wp-json\/wp\/v2\/types\/product"}],"replies":[{"embeddable":true,"href":"https:\/\/www.hogarcolchon.com\/colchones-complementos-hogar\/wp-json\/wp\/v2\/comments?post=4863"}],"wp:featuredmedia":[{"embeddable":true,"href":"https:\/\/www.hogarcolchon.com\/colchones-complementos-hogar\/wp-json\/wp\/v2\/media\/5070"}],"wp:attachment":[{"href":"https:\/\/www.hogarcolchon.com\/colchones-complementos-hogar\/wp-json\/wp\/v2\/media?parent=4863"}],"wp:term":[{"taxonomy":"product_brand","embeddable":true,"href":"https:\/\/www.hogarcolchon.com\/colchones-complementos-hogar\/wp-json\/wp\/v2\/product_brand?post=4863"},{"taxonomy":"product_cat","embeddable":true,"href":"https:\/\/www.hogarcolchon.com\/colchones-complementos-hogar\/wp-json\/wp\/v2\/product_cat?post=4863"},{"taxonomy":"product_tag","embeddable":true,"href":"https:\/\/www.hogarcolchon.com\/colchones-complementos-hogar\/wp-json\/wp\/v2\/product_tag?post=4863"}],"curies":[{"name":"wp","href":"https:\/\/api.w.org\/{rel}","templated":true}]}}