{"id":5326,"date":"2024-06-21T17:47:48","date_gmt":"2024-06-21T17:47:48","guid":{"rendered":"https:\/\/www.hogarcolchon.com\/colchones-complementos-hogar\/?post_type=product&#038;p=5326"},"modified":"2024-06-24T14:02:55","modified_gmt":"2024-06-24T14:02:55","slug":"thermacool-2","status":"publish","type":"product","link":"https:\/\/www.hogarcolchon.com\/colchones-complementos-hogar\/producto\/thermacool-2\/","title":{"rendered":"ThermaCool. Desde 215\u20ac"},"content":{"rendered":"<ul>\n<li>\n<div class=\"flex-col gap-1 md:gap-3\">\n<div class=\"flex flex-grow flex-col max-w-full\">\n<div class=\"min-h-[20px] text-message flex flex-col items-start whitespace-pre-wrap break-words [.text-message+&amp;]:mt-5 juice:w-full juice:items-end overflow-x-auto gap-2\" dir=\"auto\" data-message-author-role=\"assistant\" data-message-id=\"ee201bf3-cc90-4971-b006-8a25aeec2bfb\">\n<div class=\"flex w-full flex-col gap-1 juice:empty:hidden juice:first:pt-[3px]\">\n<div class=\"markdown prose w-full break-words dark:prose-invert light\">\n<h3>Descripci\u00f3n<\/h3>\n<ul>\n<li><strong>Tejido Stretch\u00a0<\/strong><\/li>\n<li><strong>Funda Interior<\/strong><\/li>\n<li><strong>Viscoel\u00e1stica (3 o 6 cm)<\/strong><\/li>\n<li><strong>Densidad Alta Visco 28 Kg\/m\u00b3<\/strong><\/li>\n<li><strong>Tejido Inferior 3D Gris<\/strong>: Para una mayor transpiraci\u00f3n.<\/li>\n<li><strong>Desenfundable con Cremallera<\/strong><\/li>\n<li><strong>Altura Total<\/strong>: 15,18, 21 cm (+\/- 1 cm)<\/li>\n<li><strong>Fabricado en Espa\u00f1a<\/strong><\/li>\n<\/ul>\n<div class=\"flex-shrink-0 flex flex-col relative items-end\">\n<div>\n<div class=\"pt-0.5 juice:pt-0\">\n<div class=\"gizmo-bot-avatar flex h-6 w-6 items-center justify-center overflow-hidden rounded-full juice:h-8 juice:w-8\">\n<div class=\"relative p-1 rounded-sm flex items-center justify-center bg-token-main-surface-primary text-token-text-primary h-8 w-8\"><\/div>\n<\/div>\n<\/div>\n<\/div>\n<\/div>\n<div class=\"group\/conversation-turn relative flex w-full min-w-0 flex-col agent-turn\">\n<div class=\"flex-col gap-1 md:gap-3\">\n<div class=\"flex flex-grow flex-col max-w-full\">\n<div class=\"min-h-[20px] text-message flex flex-col items-start whitespace-pre-wrap break-words [.text-message+&amp;]:mt-5 juice:w-full juice:items-end overflow-x-auto gap-2\" dir=\"auto\" data-message-author-role=\"assistant\" data-message-id=\"7f384e04-629a-4648-8df6-42ee037a8f53\">\n<div class=\"flex w-full flex-col gap-1 juice:empty:hidden juice:first:pt-[3px]\">\n<div class=\"markdown prose w-full break-words dark:prose-invert light\">\n<h4>Desenfundable con Cremallera<\/h4>\n<ul>\n<li><strong>Dise\u00f1o Pr\u00e1ctico<\/strong>: Desenfundable con cremallera, facilitando la limpieza y el mantenimiento del colch\u00f3n.<\/li>\n<li><strong>Sin Acolchado<\/strong>: Acabado con tejido 3D que a\u00edsla del calor en verano, proporcionando frescor y comodidad.<\/li>\n<\/ul>\n<h4>Tejido Stretch<\/h4>\n<ul>\n<li><strong>Suavidad y Elasticidad<\/strong>: Proporciona una sensaci\u00f3n suave y c\u00f3moda al tacto, con alta elasticidad y resiliencia.<\/li>\n<\/ul>\n<h4>N\u00facleo Articulado<\/h4>\n<ul>\n<li><strong>Confort Elevado<\/strong>: Posibilidad de fabricar el n\u00facleo perfilado para cama articulada, aumentando el grado de confort al adaptarse al movimiento de la base articulada.<\/li>\n<\/ul>\n<h4>Funda Interior<\/h4>\n<ul>\n<li><strong>Viscoel\u00e1stica<\/strong>: Disponible en 3 o 6 cm, proporcionando una adaptabilidad y confort excepcionales.<\/li>\n<li><strong>Material de Alta Densidad (28 Kg\/m\u00b3)<\/strong>: Ofrece un soporte firme y duradero.<\/li>\n<\/ul>\n<h4>Tejido Inferior<\/h4>\n<ul>\n<li><strong>Alta Transpirabilidad<\/strong>: Mejora la transpiraci\u00f3n del colch\u00f3n, manteni\u00e9ndolo fresco y seco.<\/li>\n<\/ul>\n<h3>Beneficios Clave<\/h3>\n<ul>\n<li><strong>Cuidado de la Columna<\/strong>: Proporciona una colocaci\u00f3n \u00f3ptima de todas las v\u00e9rtebras, gracias a su capacidad de adaptaci\u00f3n y la firmeza del n\u00facleo.<\/li>\n<li><strong>Prevenci\u00f3n de Malas Posturas<\/strong>: La firmeza y la adaptabilidad del colch\u00f3n ayudan a prevenir contracturas musculares, proporcionando una sensaci\u00f3n de descanso y bienestar al despertar.<\/li>\n<li><strong>Alta Transpirabilidad<\/strong>: El tejido 3D y la viscoel\u00e1stica de poro abierto permiten una excelente circulaci\u00f3n del aire, evitando la acumulaci\u00f3n de calor.<\/li>\n<\/ul>\n<h3>Experimenta un Descanso Fresco y Confortable con ThermaCool<\/h3>\n<p>El colch\u00f3n\u00a0<strong>ThermaCool<\/strong>\u00a0es la elecci\u00f3n ideal para quienes buscan calidad y confort en su descanso diario, combinando adaptabilidad, firmeza y una alta transpirabilidad para un sue\u00f1o verdaderamente reparador.<\/p>\n<p><a href=\"https:\/\/www.hogarcolchon.com\/colchones-complementos-hogar\/producto\/latex-supreme\/\">https:\/\/www.hogarcolchon.com\/colchones-complementos-hogar\/producto\/latex-supreme\/<\/a><\/p>\n<\/div>\n<\/div>\n<\/div>\n<\/div>\n<\/div>\n<\/div>\n<\/div>\n<\/div>\n<\/div>\n<\/div>\n<\/div>\n<\/li>\n<\/ul>\n","protected":false},"excerpt":{"rendered":"<p>El colch\u00f3n\u00a0<strong>ThermaCool<\/strong>\u00a0es viscoel\u00e1stico, c\u00f3modo y pr\u00e1ctico, dise\u00f1ado para proporcionar un descanso reparador y mantener tu columna en la posici\u00f3n \u00f3ptima durante la noche.<\/p>\n","protected":false},"featured_media":5262,"comment_status":"open","ping_status":"closed","template":"","meta":{"_et_pb_use_builder":"","_et_pb_old_content":"","_et_gb_content_width":""},"product_brand":[],"product_cat":[14,6],"product_tag":[],"class_list":{"0":"post-5326","1":"product","2":"type-product","3":"status-publish","4":"has-post-thumbnail","6":"product_cat-colchones-de-latex-y-visco","7":"product_cat-colchones","9":"first","10":"instock","11":"taxable","12":"shipping-taxable","13":"purchasable","14":"product-type-variable"},"_links":{"self":[{"href":"https:\/\/www.hogarcolchon.com\/colchones-complementos-hogar\/wp-json\/wp\/v2\/product\/5326","targetHints":{"allow":["GET"]}}],"collection":[{"href":"https:\/\/www.hogarcolchon.com\/colchones-complementos-hogar\/wp-json\/wp\/v2\/product"}],"about":[{"href":"https:\/\/www.hogarcolchon.com\/colchones-complementos-hogar\/wp-json\/wp\/v2\/types\/product"}],"replies":[{"embeddable":true,"href":"https:\/\/www.hogarcolchon.com\/colchones-complementos-hogar\/wp-json\/wp\/v2\/comments?post=5326"}],"wp:featuredmedia":[{"embeddable":true,"href":"https:\/\/www.hogarcolchon.com\/colchones-complementos-hogar\/wp-json\/wp\/v2\/media\/5262"}],"wp:attachment":[{"href":"https:\/\/www.hogarcolchon.com\/colchones-complementos-hogar\/wp-json\/wp\/v2\/media?parent=5326"}],"wp:term":[{"taxonomy":"product_brand","embeddable":true,"href":"https:\/\/www.hogarcolchon.com\/colchones-complementos-hogar\/wp-json\/wp\/v2\/product_brand?post=5326"},{"taxonomy":"product_cat","embeddable":true,"href":"https:\/\/www.hogarcolchon.com\/colchones-complementos-hogar\/wp-json\/wp\/v2\/product_cat?post=5326"},{"taxonomy":"product_tag","embeddable":true,"href":"https:\/\/www.hogarcolchon.com\/colchones-complementos-hogar\/wp-json\/wp\/v2\/product_tag?post=5326"}],"curies":[{"name":"wp","href":"https:\/\/api.w.org\/{rel}","templated":true}]}}