{"id":841,"date":"2016-11-28T19:01:26","date_gmt":"2016-11-28T19:01:26","guid":{"rendered":"https:\/\/www.hogarcolchon.com\/colchones-complementos-hogar\/?post_type=product&#038;p=841"},"modified":"2022-05-18T17:47:40","modified_gmt":"2022-05-18T17:47:40","slug":"colchon-minor","status":"publish","type":"product","link":"https:\/\/www.hogarcolchon.com\/colchones-complementos-hogar\/producto\/colchon-minor\/","title":{"rendered":"Colch\u00f3n Minor. Desde: 149\u20ac"},"content":{"rendered":"<ul>\n<li>Tapizado en damasco.<\/li>\n<li>N\u00facleo eliocel de 23 kg.<\/li>\n<li>Medidas: 58x118x10 cm.<\/li>\n<li>Medidas: 70x140x10 cm.<\/li>\n<li>Fabricado en Espa\u00f1a<\/li>\n<\/ul>\n<p><a href=\"https:\/\/www.hogarcolchon.com\/colchones-complementos-hogar\/producto\/colchon-draco-2\/\">https:\/\/www.hogarcolchon.com\/colchones-complementos-hogar\/producto\/colchon-draco-2\/<\/a><\/p>\n<p><strong>Fabricaci\u00f3n Artes<\/strong><strong>anal<\/strong><\/p>\n<p>El colch\u00f3n dispone de unos niveles de acabado que est\u00e1n por encima de la media,\u00a0<strong>combinando excepcionalmente y con elegancia dise\u00f1o, confort, tecnolog\u00eda y materiales naturales seleccionados.<\/strong><\/p>\n<p><strong>Tratamiento\u00a0Sanitized<\/strong><\/p>\n<p>Evita el deterioro del colch\u00f3n Minor y lo protege de hongos y bacterias.<\/p>\n<p><strong>Fabricado sin Sustancias T\u00f3xicas<\/strong><\/p>\n<p><strong>No se han usado sustancias nocivas en la fabricaci\u00f3n del tejido<\/strong>, quedando esto certificado por el sello ecol\u00f3gico y de salud Oeko-Tex\u00ae Standard 100.<\/p>\n","protected":false},"excerpt":{"rendered":"<p>El colch\u00f3n Minor Elio Baby de Hogar Colch\u00f3n se compone por un n\u00facleo de eliocel con tratamiento sanitario para ofrecer la transpiraci\u00f3n e hipoalergenicidad necesaria para el descanso de su beb\u00e9.<\/p>\n","protected":false},"featured_media":3600,"comment_status":"open","ping_status":"closed","template":"","meta":{"_et_pb_use_builder":"","_et_pb_old_content":"","_et_gb_content_width":""},"product_brand":[],"product_cat":[12],"product_tag":[61,62,46],"class_list":{"0":"post-841","1":"product","2":"type-product","3":"status-publish","4":"has-post-thumbnail","6":"product_cat-colchones-para-bebe","7":"product_tag-antiasfixia","8":"product_tag-antihumedad","9":"product_tag-transpirable","11":"first","12":"instock","13":"taxable","14":"shipping-taxable","15":"purchasable","16":"product-type-variable"},"_links":{"self":[{"href":"https:\/\/www.hogarcolchon.com\/colchones-complementos-hogar\/wp-json\/wp\/v2\/product\/841","targetHints":{"allow":["GET"]}}],"collection":[{"href":"https:\/\/www.hogarcolchon.com\/colchones-complementos-hogar\/wp-json\/wp\/v2\/product"}],"about":[{"href":"https:\/\/www.hogarcolchon.com\/colchones-complementos-hogar\/wp-json\/wp\/v2\/types\/product"}],"replies":[{"embeddable":true,"href":"https:\/\/www.hogarcolchon.com\/colchones-complementos-hogar\/wp-json\/wp\/v2\/comments?post=841"}],"wp:featuredmedia":[{"embeddable":true,"href":"https:\/\/www.hogarcolchon.com\/colchones-complementos-hogar\/wp-json\/wp\/v2\/media\/3600"}],"wp:attachment":[{"href":"https:\/\/www.hogarcolchon.com\/colchones-complementos-hogar\/wp-json\/wp\/v2\/media?parent=841"}],"wp:term":[{"taxonomy":"product_brand","embeddable":true,"href":"https:\/\/www.hogarcolchon.com\/colchones-complementos-hogar\/wp-json\/wp\/v2\/product_brand?post=841"},{"taxonomy":"product_cat","embeddable":true,"href":"https:\/\/www.hogarcolchon.com\/colchones-complementos-hogar\/wp-json\/wp\/v2\/product_cat?post=841"},{"taxonomy":"product_tag","embeddable":true,"href":"https:\/\/www.hogarcolchon.com\/colchones-complementos-hogar\/wp-json\/wp\/v2\/product_tag?post=841"}],"curies":[{"name":"wp","href":"https:\/\/api.w.org\/{rel}","templated":true}]}}